{"id":170,"date":"2024-02-25T09:30:44","date_gmt":"2024-02-25T09:30:44","guid":{"rendered":"https:\/\/www.cso2005.org\/?page_id=170"},"modified":"2024-02-25T09:56:04","modified_gmt":"2024-02-25T09:56:04","slug":"regiones","status":"publish","type":"page","link":"https:\/\/www.cso2005.org\/index.php\/regiones\/","title":{"rendered":"Grupos regionales"},"content":{"rendered":"\n<p>La actividad descentralizada garantiza la eficacia en la identificaci\u00f3n de las realidades y necesidades  espec\u00edficas de cada regi\u00f3n. El objetivo es crear, a partir de los temas identificados: visibilidad, campa\u00f1as y proyectos conjuntos.<\/p>\n\n\n\n<p>De este modo, a fecha de hoy,  se han creado grupos espec\u00edficos de consulta en las siguientes regiones:<\/p>\n\n\n\n<p><strong>Pa\u00edses \u00c1rabes<\/strong><\/p>\n\n\n\n<p><strong>\u00c1frica <\/strong><\/p>\n\n\n\n<p><strong>Am\u00e9rica Latina<\/strong><\/p>\n\n\n\n<p>Estas reuniones est\u00e1n abiertas a todas las organizaciones de cada regi\u00f3n. Si quieres unirte a estos grupos de trabajo ponte en contacto con nosotros a trav\u00e9s de los canales que ten\u00e9is a vuestra disposici\u00f3n en esta web.<\/p>\n","protected":false},"excerpt":{"rendered":"<p>La actividad descentralizada garantiza la eficacia en la identificaci\u00f3n de las realidades y necesidades espec\u00edficas de cada regi\u00f3n. El objetivo es crear, a partir de los temas identificados: visibilidad, campa\u00f1as y proyectos conjuntos. De este modo, a fecha de hoy, se han creado grupos espec\u00edficos de consulta en las siguientes regiones: Pa\u00edses \u00c1rabes \u00c1frica Am\u00e9rica [&hellip;]<\/p>\n","protected":false},"author":1,"featured_media":176,"parent":0,"menu_order":0,"comment_status":"closed","ping_status":"closed","template":"","meta":{"_joinchat":[],"footnotes":""},"class_list":["post-170","page","type-page","status-publish","has-post-thumbnail","hentry"],"_links":{"self":[{"href":"https:\/\/www.cso2005.org\/index.php\/wp-json\/wp\/v2\/pages\/170","targetHints":{"allow":["GET"]}}],"collection":[{"href":"https:\/\/www.cso2005.org\/index.php\/wp-json\/wp\/v2\/pages"}],"about":[{"href":"https:\/\/www.cso2005.org\/index.php\/wp-json\/wp\/v2\/types\/page"}],"author":[{"embeddable":true,"href":"https:\/\/www.cso2005.org\/index.php\/wp-json\/wp\/v2\/users\/1"}],"replies":[{"embeddable":true,"href":"https:\/\/www.cso2005.org\/index.php\/wp-json\/wp\/v2\/comments?post=170"}],"version-history":[{"count":5,"href":"https:\/\/www.cso2005.org\/index.php\/wp-json\/wp\/v2\/pages\/170\/revisions"}],"predecessor-version":[{"id":179,"href":"https:\/\/www.cso2005.org\/index.php\/wp-json\/wp\/v2\/pages\/170\/revisions\/179"}],"wp:featuredmedia":[{"embeddable":true,"href":"https:\/\/www.cso2005.org\/index.php\/wp-json\/wp\/v2\/media\/176"}],"wp:attachment":[{"href":"https:\/\/www.cso2005.org\/index.php\/wp-json\/wp\/v2\/media?parent=170"}],"curies":[{"name":"wp","href":"https:\/\/api.w.org\/{rel}","templated":true}]}}